{"id":685,"date":"2025-05-21T14:37:16","date_gmt":"2025-05-21T14:37:16","guid":{"rendered":"https:\/\/2025.expedition-rothenburg.ch\/?page_id=685"},"modified":"2025-07-17T19:05:58","modified_gmt":"2025-07-17T19:05:58","slug":"guggen","status":"publish","type":"page","link":"https:\/\/expedition-rothenburg.ch\/index.php\/guggen\/","title":{"rendered":"Guggen"},"content":{"rendered":"\n<div style=\"height:25px\" aria-hidden=\"true\" class=\"wp-block-spacer\"><\/div>\n\n\n\n<div class=\"wp-block-group has-global-padding is-layout-constrained wp-block-group-is-layout-constrained\">\n<h1 class=\"wp-block-heading alignwide has-text-align-center has-text-color has-link-color has-fontdinerdotcom-huggable-font-family has-xx-large-font-size wp-elements-09851d08025468b2aa9275cb9ee5497c\" style=\"color:#bf1613;line-height:1.2\">Outdoor <\/h1>\n\n\n\n<figure class=\"wp-block-table aligncenter is-style-stripes concert-table has-small-font-size is-style-stripes--1\" style=\"margin-top:var(--wp--preset--spacing--10);margin-right:var(--wp--preset--spacing--50);margin-bottom:0;margin-left:0;padding-top:0;padding-right:0;padding-bottom:0;padding-left:0\"><table style=\"border-top-color:#f0ddd1;border-top-style:none;border-top-width:0px;border-right-color:#f0ddd1;border-right-style:none;border-right-width:0px;border-bottom-color:var(--wp--preset--color--contrast);border-bottom-style:none;border-bottom-width:0px;border-left-color:#f0ddd1;border-left-style:none;border-left-width:0px\"><tbody><tr><td>Fl\u00e4ckegosler Roteborg <\/td><td class=\"has-text-align-left\" data-align=\"left\">Auftritt: 16:00<\/td><\/tr><tr><td>Eibeler Str\u00e4ggele<\/td><td class=\"has-text-align-left\" data-align=\"left\">Auftritt: 16:25<\/td><\/tr><tr><td>T\u00f6ndlit\u00e4tscher<\/td><td class=\"has-text-align-left\" data-align=\"left\">Auftritt: 16:50<\/td><\/tr><tr><td>Bierbrommer<\/td><td class=\"has-text-align-left\" data-align=\"left\">Auftritt: 17:15<\/td><\/tr><tr><td>Eschenschr\u00e4nzer<\/td><td class=\"has-text-align-left\" data-align=\"left\">Auftritt: 17:40<\/td><\/tr><tr><td>N\u00e4belh\u00fc\u00fcler<\/td><td class=\"has-text-align-left\" data-align=\"left\">Auftritt: 18:05<\/td><\/tr><tr><td>CH-Guugger<\/td><td class=\"has-text-align-left\" data-align=\"left\">Auftritt: 18:30<\/td><\/tr><tr><td>Borggeischter<\/td><td class=\"has-text-align-left\" data-align=\"left\">Auftritt: 18:55<\/td><\/tr><tr><td>Schl\u00f6sslif\u00e4ger<\/td><td class=\"has-text-align-left\" data-align=\"left\">Auftritt: 19:20<\/td><\/tr><tr><td>Gaugew\u00e4udler<\/td><td class=\"has-text-align-left\" data-align=\"left\">Auftritt: 19:45<\/td><\/tr><tr><td>F\u00f6dlit\u00e4tscher<\/td><td class=\"has-text-align-left\" data-align=\"left\">Auftritt: 20:10<\/td><\/tr><tr><td>Glatzestr\u00e4hler<\/td><td class=\"has-text-align-left\" data-align=\"left\">Auftritt: 20:35<\/td><\/tr><tr><td>W\u00e4smali-Chatze<\/td><td class=\"has-text-align-left\" data-align=\"left\">Auftritt: 21:00<\/td><\/tr><\/tbody><\/table><\/figure>\n\n\n\n<div style=\"height:77px\" aria-hidden=\"true\" class=\"wp-block-spacer\"><\/div>\n\n\n\n<h1 class=\"wp-block-heading alignwide has-text-align-center has-text-color has-link-color has-fontdinerdotcom-huggable-font-family has-xx-large-font-size wp-elements-6f42aece1c14fc341f7f147cbe211ec5\" style=\"color:#bf1613;line-height:1.2\">Indoor <\/h1>\n\n\n\n<figure class=\"wp-block-table aligncenter is-style-stripes concert-table has-small-font-size is-style-stripes--2\" style=\"margin-top:var(--wp--preset--spacing--10);margin-right:var(--wp--preset--spacing--50);margin-bottom:0;margin-left:0;padding-top:0;padding-right:0px;padding-bottom:0;padding-left:0px\"><table style=\"border-top-color:#f0ddd1;border-top-style:none;border-top-width:0px;border-right-color:#f0ddd1;border-right-style:none;border-right-width:0px;border-bottom-color:var(--wp--preset--color--contrast);border-bottom-style:none;border-bottom-width:0px;border-left-color:#f0ddd1;border-left-style:none;border-left-width:0px\"><tbody><tr><td class=\"has-text-align-left\" data-align=\"left\">Eibeler Str\u00e4ggele<\/td><td class=\"has-text-align-left\" data-align=\"left\">Auftritt: 21:00<\/td><\/tr><tr><td class=\"has-text-align-left\" data-align=\"left\">N\u00e4belh\u00fc\u00fcler<\/td><td class=\"has-text-align-left\" data-align=\"left\">Auftritt: 21:30<\/td><\/tr><tr><td class=\"has-text-align-left\" data-align=\"left\">Bierbrommer<\/td><td class=\"has-text-align-left\" data-align=\"left\">Auftritt: 22:00<\/td><\/tr><tr><td class=\"has-text-align-left\" data-align=\"left\">F\u00f6dlit\u00e4tscher<\/td><td class=\"has-text-align-left\" data-align=\"left\">Auftritt: 23:00<\/td><\/tr><tr><td class=\"has-text-align-left\" data-align=\"left\">Eschenschr\u00e4nzer<\/td><td class=\"has-text-align-left\" data-align=\"left\">Auftritt: 23:30<\/td><\/tr><tr><td class=\"has-text-align-left\" data-align=\"left\">Borggeischter<\/td><td class=\"has-text-align-left\" data-align=\"left\">Auftritt: 00:00<\/td><\/tr><tr><td class=\"has-text-align-left\" data-align=\"left\">T\u00f6ndlit\u00e4tscher  <\/td><td class=\"has-text-align-left\" data-align=\"left\">Auftritt: 00:45<\/td><\/tr><tr><td class=\"has-text-align-left\" data-align=\"left\">Borggeischter<\/td><td class=\"has-text-align-left\" data-align=\"left\">Auftritt: 18:55<\/td><\/tr><tr><td class=\"has-text-align-left\" data-align=\"left\">Schl\u00f6sslif\u00e4ger<\/td><td class=\"has-text-align-left\" data-align=\"left\">Auftritt: 19:20<\/td><\/tr><tr><td class=\"has-text-align-left\" data-align=\"left\">Gaugew\u00e4udler<\/td><td class=\"has-text-align-left\" data-align=\"left\">Auftritt: 19:45<\/td><\/tr><tr><td class=\"has-text-align-left\" data-align=\"left\">F\u00f6dlit\u00e4tscher<\/td><td class=\"has-text-align-left\" data-align=\"left\">Auftritt: 20:10<\/td><\/tr><tr><td class=\"has-text-align-left\" data-align=\"left\">Glatzestr\u00e4hler<\/td><td class=\"has-text-align-left\" data-align=\"left\">Auftritt: 20:35<\/td><\/tr><tr><td class=\"has-text-align-left\" data-align=\"left\">W\u00e4smali-Chatze<\/td><td class=\"has-text-align-left\" data-align=\"left\">Auftritt: 21:00<\/td><\/tr><\/tbody><\/table><\/figure>\n<\/div>\n\n\n\n<div style=\"height:116px\" aria-hidden=\"true\" class=\"wp-block-spacer\"><\/div>\n","protected":false},"excerpt":{"rendered":"<p>Outdoor Fl\u00e4ckegosler Roteborg Auftritt: 16:00 Eibeler Str\u00e4ggele Auftritt: 16:25 T\u00f6ndlit\u00e4tscher Auftritt: 16:50 Bierbrommer Auftritt: 17:15 Eschenschr\u00e4nzer Auftritt: 17:40 N\u00e4belh\u00fc\u00fcler Auftritt: 18:05 CH-Guugger Auftritt: 18:30 Borggeischter Auftritt: 18:55 Schl\u00f6sslif\u00e4ger Auftritt: 19:20 Gaugew\u00e4udler Auftritt: 19:45 F\u00f6dlit\u00e4tscher Auftritt: 20:10 Glatzestr\u00e4hler Auftritt: 20:35 W\u00e4smali-Chatze Auftritt: 21:00 Indoor Eibeler Str\u00e4ggele Auftritt: 21:00 N\u00e4belh\u00fc\u00fcler Auftritt: 21:30 Bierbrommer Auftritt: 22:00 F\u00f6dlit\u00e4tscher Auftritt: [&hellip;]<\/p>\n","protected":false},"author":2,"featured_media":0,"parent":0,"menu_order":0,"comment_status":"closed","ping_status":"closed","template":"","meta":{"footnotes":""},"class_list":["post-685","page","type-page","status-publish","hentry"],"_links":{"self":[{"href":"https:\/\/expedition-rothenburg.ch\/index.php\/wp-json\/wp\/v2\/pages\/685","targetHints":{"allow":["GET"]}}],"collection":[{"href":"https:\/\/expedition-rothenburg.ch\/index.php\/wp-json\/wp\/v2\/pages"}],"about":[{"href":"https:\/\/expedition-rothenburg.ch\/index.php\/wp-json\/wp\/v2\/types\/page"}],"author":[{"embeddable":true,"href":"https:\/\/expedition-rothenburg.ch\/index.php\/wp-json\/wp\/v2\/users\/2"}],"replies":[{"embeddable":true,"href":"https:\/\/expedition-rothenburg.ch\/index.php\/wp-json\/wp\/v2\/comments?post=685"}],"version-history":[{"count":90,"href":"https:\/\/expedition-rothenburg.ch\/index.php\/wp-json\/wp\/v2\/pages\/685\/revisions"}],"predecessor-version":[{"id":984,"href":"https:\/\/expedition-rothenburg.ch\/index.php\/wp-json\/wp\/v2\/pages\/685\/revisions\/984"}],"wp:attachment":[{"href":"https:\/\/expedition-rothenburg.ch\/index.php\/wp-json\/wp\/v2\/media?parent=685"}],"curies":[{"name":"wp","href":"https:\/\/api.w.org\/{rel}","templated":true}]}}