{"id":55,"date":"2024-12-13T22:48:50","date_gmt":"2024-12-13T22:48:50","guid":{"rendered":"https:\/\/2025.expedition-rothenburg.ch\/?page_id=55"},"modified":"2025-08-11T20:06:05","modified_gmt":"2025-08-11T20:06:05","slug":"info","status":"publish","type":"page","link":"https:\/\/expedition-rothenburg.ch\/index.php\/info\/","title":{"rendered":"Infos"},"content":{"rendered":"\n<div style=\"height:62px\" aria-hidden=\"true\" class=\"wp-block-spacer\"><\/div>\n\n\n\n<div class=\"wp-block-buttons alignwide has-custom-font-size has-small-font-size is-horizontal is-content-justification-center is-layout-flex wp-container-core-buttons-is-layout-5ac9de4d wp-block-buttons-is-layout-flex\" style=\"border-style:none;border-width:0px;border-radius:0px;margin-top:0;margin-bottom:0;padding-top:var(--wp--preset--spacing--10);padding-right:var(--wp--preset--spacing--20);padding-bottom:var(--wp--preset--spacing--10);padding-left:var(--wp--preset--spacing--20)\">\n<div class=\"wp-block-button\"><a class=\"wp-block-button__link has-text-color has-background has-link-color wp-element-button\" href=\"https:\/\/expedition-rothenburg.ch\/index.php\/info\/#Vorverkauf\" style=\"color:#f0dad1;background-color:#bf1613\">Vorverkauf<\/a><\/div>\n\n\n\n<div class=\"wp-block-button\"><a class=\"wp-block-button__link has-text-color has-background has-link-color wp-element-button\" href=\"https:\/\/expedition-rothenburg.ch\/index.php\/info\/#Anfahrt\" style=\"color:#f0dad1;background-color:#bf1613\">Anfahrt<\/a><\/div>\n\n\n\n<div class=\"wp-block-button\"><a class=\"wp-block-button__link has-text-color has-background has-link-color wp-element-button\" href=\"https:\/\/expedition-rothenburg.ch\/index.php\/info\/#Zeiten\" style=\"color:#f0dad1;background-color:#bf1613\">Zeiten<\/a><\/div>\n\n\n\n<div class=\"wp-block-button\"><a class=\"wp-block-button__link has-text-color has-background has-link-color wp-element-button\" href=\"https:\/\/expedition-rothenburg.ch\/index.php\/info\/#Outdoor\" style=\"color:#f0dad1;background-color:#bf1613\">Outdoor<\/a><\/div>\n\n\n\n<div class=\"wp-block-button\"><a class=\"wp-block-button__link has-text-color has-background has-link-color wp-element-button\" href=\"https:\/\/expedition-rothenburg.ch\/index.php\/info\/#Alter\" style=\"color:#f0dad1;background-color:#bf1613\">Alter<\/a><\/div>\n\n\n\n<div class=\"wp-block-button\"><a class=\"wp-block-button__link has-text-color has-background has-link-color wp-element-button\" href=\"https:\/\/expedition-rothenburg.ch\/index.php\/info\/#Eintritt\" style=\"color:#f0dad1;background-color:#bf1613\">Eintritt<\/a><\/div>\n\n\n\n<div class=\"wp-block-button\"><a class=\"wp-block-button__link has-text-color has-background has-link-color wp-element-button\" href=\"https:\/\/expedition-rothenburg.ch\/index.php\/info\/#Taschenkontrolle\" style=\"color:#f0dad1;background-color:#bf1613\">Taschenkontrolle<\/a><\/div>\n\n\n\n<div class=\"wp-block-button\"><a class=\"wp-block-button__link has-text-color has-background has-link-color wp-element-button\" href=\"https:\/\/expedition-rothenburg.ch\/index.php\/info#Garderobe\" style=\"color:#f0dad1;background-color:#bf1613\">Garderobe<\/a><\/div>\n\n\n\n<div class=\"wp-block-button\"><a class=\"wp-block-button__link has-text-color has-background has-link-color wp-element-button\" href=\"https:\/\/expedition-rothenburg.ch\/index.php\/info#Ohrstoepsel\" style=\"color:#f0dad1;background-color:#bf1613\">Ohrst\u00f6psel<\/a><\/div>\n\n\n\n<div class=\"wp-block-button\"><a class=\"wp-block-button__link has-text-color has-background has-link-color wp-element-button\" href=\"https:\/\/expedition-rothenburg.ch\/index.php\/info#Essen\" style=\"color:#f0dad1;background-color:#bf1613\">Essen<\/a><\/div>\n\n\n\n<div class=\"wp-block-button\"><a class=\"wp-block-button__link has-text-color has-background has-link-color wp-element-button\" href=\"https:\/\/expedition-rothenburg.ch\/index.php\/info#Getraenke\" style=\"color:#f0dad1;background-color:#bf1613\">Getr\u00e4nke<\/a><\/div>\n\n\n\n<div class=\"wp-block-button\"><a class=\"wp-block-button__link has-text-color has-background has-link-color wp-element-button\" href=\"https:\/\/expedition-rothenburg.ch\/index.php\/info#Mineralwasser\" style=\"color:#f0dad1;background-color:#bf1613\">Mineralwasser<\/a><\/div>\n\n\n\n<div class=\"wp-block-button\"><a class=\"wp-block-button__link has-text-color has-background has-link-color has-text-align-left wp-element-button\" href=\"https:\/\/expedition-rothenburg.ch\/index.php\/info#Toiletten\" style=\"color:#f0dad1;background-color:#bf1613\">Toiletten<\/a><\/div>\n\n\n\n<div class=\"wp-block-button\"><a class=\"wp-block-button__link has-text-color has-background has-link-color wp-element-button\" href=\"https:\/\/expedition-rothenburg.ch\/index.php\/info#Sanitaet\" style=\"color:#f0dad1;background-color:#bf1613\">Sanit\u00e4t<\/a><\/div>\n\n\n\n<div class=\"wp-block-button\"><a class=\"wp-block-button__link has-text-color has-background has-link-color wp-element-button\" href=\"https:\/\/expedition-rothenburg.ch\/index.php\/info#Nachtstern\" style=\"color:#f0dad1;background-color:#bf1613\">Nachtstern<\/a><\/div>\n<\/div>\n\n\n\n<div style=\"height:79px\" aria-hidden=\"true\" class=\"wp-block-spacer\"><\/div>\n\n\n\n<div class=\"wp-block-group alignwide has-background is-layout-flow wp-container-core-group-is-layout-d81ce689 wp-block-group-is-layout-flow\" style=\"border-radius:16px;background-color:#f9f8f5;margin-top:var(--wp--preset--spacing--10);margin-bottom:var(--wp--preset--spacing--10);padding-top:var(--wp--preset--spacing--10);padding-right:var(--wp--preset--spacing--50);padding-bottom:var(--wp--preset--spacing--10);padding-left:var(--wp--preset--spacing--50)\">\n<p class=\"has-text-align-center has-text-color has-link-color has-fontdinerdotcom-huggable-font-family has-large-font-size wp-elements-d50af58cf3f1af0924d5ba892919d3cc\" id=\"Vorverkauf\" style=\"color:#bf1613;text-decoration:underline;text-transform:none\">Vorverkauf<\/p>\n\n\n\n<div style=\"height:var(--wp--preset--spacing--10)\" aria-hidden=\"true\" class=\"wp-block-spacer\"><\/div>\n\n\n\n<p class=\"has-text-align-center\">Der Vorverkauf startet im November.<\/p>\n<\/div>\n\n\n\n<div class=\"wp-block-group alignwide has-background is-layout-flow wp-container-core-group-is-layout-d81ce689 wp-block-group-is-layout-flow\" style=\"border-radius:16px;background-color:#f9f8f5;margin-top:var(--wp--preset--spacing--10);margin-bottom:var(--wp--preset--spacing--10);padding-top:var(--wp--preset--spacing--10);padding-right:var(--wp--preset--spacing--50);padding-bottom:var(--wp--preset--spacing--10);padding-left:var(--wp--preset--spacing--50)\">\n<p class=\"has-text-align-center has-text-color has-link-color has-fontdinerdotcom-huggable-font-family has-large-font-size wp-elements-1f4dd9a5ceac44049ab5c256c7f3f9ee\" id=\"Anfahrt\" style=\"color:#bf1613;text-decoration:underline;text-transform:none\">Anfahrt<\/p>\n\n\n\n<div style=\"height:var(--wp--preset--spacing--10)\" aria-hidden=\"true\" class=\"wp-block-spacer\"><\/div>\n\n\n\n<p class=\"has-text-align-center\">Das Fest ist gut mit dem \u00d6V erreichbar. Die Haltestellen Eschenbachstrasse und Lindau, welche von den Buslinien 46, 50 und 52 angefahren werden, sind nur 3-4 Gehminuten von der Ch\u00e4rnshalle entfernt.<\/p>\n\n\n\n<p class=\"has-text-align-center\">Der Fahrplan ist auf <a href=\"https:\/\/www.sbb.ch\/de\">dieser Webseite<\/a> abrufbar. Die Ch\u00e4rnshalle ist auch gut mit dem Auto zu erreichen, wie <a href=\"https:\/\/www.google.com\/maps\/place\/Ch%C3%A4rnshalle\/@47.1009295,8.2719728,17z\/data=!3m1!4b1!4m6!3m5!1s0x478ffccc9276cdd1:0xa8372bfdf93b1cb7!8m2!3d47.1009295!4d8.2719728!16s%2Fg%2F1ptz9l09q?entry=ttu&amp;g_ep=EgoyMDI1MDUxNS4wIKXMDSoASAFQAw%3D%3D\">dieser Plan<\/a> zeigt. Parkm\u00f6glichkeiten sind gen\u00fcgend vorhanden, wir bitten dich, die Anweisungen des Parkdienstes zu befolgen.<\/p>\n<\/div>\n\n\n\n<div class=\"wp-block-group alignwide has-background is-layout-flow wp-container-core-group-is-layout-d81ce689 wp-block-group-is-layout-flow\" style=\"border-radius:16px;background-color:#f9f8f5;margin-top:var(--wp--preset--spacing--10);margin-bottom:var(--wp--preset--spacing--10);padding-top:var(--wp--preset--spacing--10);padding-right:var(--wp--preset--spacing--50);padding-bottom:var(--wp--preset--spacing--10);padding-left:var(--wp--preset--spacing--50)\">\n<p class=\"has-text-align-center has-text-color has-link-color has-fontdinerdotcom-huggable-font-family has-large-font-size wp-elements-1dcbafbe3fbd21bb045f476096f26b7b\" id=\"Zeiten\" style=\"color:#bf1613;text-decoration:underline;text-transform:none\">Zeiten<\/p>\n\n\n\n<div style=\"height:var(--wp--preset--spacing--10)\" aria-hidden=\"true\" class=\"wp-block-spacer\"><\/div>\n\n\n\n<p class=\"has-text-align-center\">Der Outdoorbereich mit freiem Eintritt ist von 15.30-02.00 Uhr ge\u00f6ffnet, <br>der Indoor-Bereich (kostenpflichtig, ab 18 Jahren) von 20.00-04.00 Uhr.<\/p>\n<\/div>\n\n\n\n<div class=\"wp-block-group alignwide has-background is-layout-flow wp-container-core-group-is-layout-d81ce689 wp-block-group-is-layout-flow\" style=\"border-radius:16px;background-color:#f9f8f5;margin-top:var(--wp--preset--spacing--10);margin-bottom:var(--wp--preset--spacing--10);padding-top:var(--wp--preset--spacing--10);padding-right:var(--wp--preset--spacing--50);padding-bottom:var(--wp--preset--spacing--10);padding-left:var(--wp--preset--spacing--50)\">\n<p class=\"has-text-align-center has-text-color has-link-color has-fontdinerdotcom-huggable-font-family has-large-font-size wp-elements-d14b594b8fb9c8c00e98eeda997accfc\" id=\"Outdoor\" style=\"color:#bf1613;text-decoration:underline;text-transform:none\">Outdoor<\/p>\n\n\n\n<div style=\"height:var(--wp--preset--spacing--10)\" aria-hidden=\"true\" class=\"wp-block-spacer\"><\/div>\n\n\n\n<p class=\"has-text-align-center\">Bereich mit freiem Eintritt. In der Outdoor-Zone findest du die Apr\u00e8s-Ski H\u00f6tte (geheiztes Festzelt) mit DJ und \u00d6rgeler. Ebenfalls den Vorplatz, in welcher Guggenmusigen auftreten. Der Outdoor-Bereich ist f\u00fcr alle Altersklassen zug\u00e4nglich. Die Kafistobe ist bis 02.00 Uhr ge\u00f6ffnet.<\/p>\n<\/div>\n\n\n\n<div class=\"wp-block-group alignwide has-background is-layout-flow wp-container-core-group-is-layout-d81ce689 wp-block-group-is-layout-flow\" style=\"border-radius:16px;background-color:#f9f8f5;margin-top:var(--wp--preset--spacing--10);margin-bottom:var(--wp--preset--spacing--10);padding-top:var(--wp--preset--spacing--10);padding-right:var(--wp--preset--spacing--50);padding-bottom:var(--wp--preset--spacing--10);padding-left:var(--wp--preset--spacing--50)\">\n<p class=\"has-text-align-center has-text-color has-link-color has-fontdinerdotcom-huggable-font-family has-large-font-size wp-elements-3f76580098b2432203a9a4a7108c5267\" id=\"Alter\" style=\"color:#bf1613;text-decoration:underline;text-transform:none\">Alter<\/p>\n\n\n\n<div style=\"height:var(--wp--preset--spacing--10)\" aria-hidden=\"true\" class=\"wp-block-spacer\"><\/div>\n\n\n\n<p class=\"has-text-align-center\">Der Outdoor-Bereich (gratis Zutritt) ist f\u00fcr alle Altersklassen zug\u00e4nglich, der Zutritt zum Indoor-Bereich ist ab 18 Jahren gestattet (Ausweiskontrolle). F\u00fcr diesen Bereich wird ein Eintritt erhoben.<\/p>\n<\/div>\n\n\n\n<div class=\"wp-block-group alignwide has-background is-layout-flow wp-container-core-group-is-layout-d81ce689 wp-block-group-is-layout-flow\" style=\"border-radius:16px;background-color:#f9f8f5;margin-top:var(--wp--preset--spacing--10);margin-bottom:var(--wp--preset--spacing--10);padding-top:var(--wp--preset--spacing--10);padding-right:var(--wp--preset--spacing--50);padding-bottom:var(--wp--preset--spacing--10);padding-left:var(--wp--preset--spacing--50)\">\n<p class=\"has-text-align-center has-text-color has-link-color has-fontdinerdotcom-huggable-font-family has-large-font-size wp-elements-0226f8b58f6163d8ff131bbbeddf0ce0\" id=\"Eintritt\" style=\"color:#bf1613;text-decoration:underline;text-transform:none\">Eintritt<\/p>\n\n\n\n<div style=\"height:var(--wp--preset--spacing--10)\" aria-hidden=\"true\" class=\"wp-block-spacer\"><\/div>\n\n\n\n<p class=\"has-text-align-center\">Das Festgel\u00e4nde ist in einen Outdoor- und Indoor-Bereich unterteilt. <br>Zum Outdoor-Bereich ist der Zugang gratis. Der Eintritt zum Indoor-Bereich kostet im Vorverkauf CHF 12.00 und an der Abendkasse CHF 16.00.&nbsp; Details siehe unter <a href=\"https:\/\/expedition-rothenburg.ch\/index.php\/tickets\/\" data-type=\"link\" data-id=\"https:\/\/expedition-rothenburg.ch\/index.php\/tickets\/\">Tickets<\/a>.<\/p>\n<\/div>\n\n\n\n<div class=\"wp-block-group alignwide has-background is-layout-flow wp-container-core-group-is-layout-d81ce689 wp-block-group-is-layout-flow\" style=\"border-radius:16px;background-color:#f9f8f5;margin-top:var(--wp--preset--spacing--10);margin-bottom:var(--wp--preset--spacing--10);padding-top:var(--wp--preset--spacing--10);padding-right:var(--wp--preset--spacing--50);padding-bottom:var(--wp--preset--spacing--10);padding-left:var(--wp--preset--spacing--50)\">\n<p class=\"has-text-align-center has-text-color has-link-color has-fontdinerdotcom-huggable-font-family has-large-font-size wp-elements-591e371e280af847ca3b19bd4896f68c\" id=\"Taschenkontrolle\" style=\"color:#bf1613;text-decoration:underline;text-transform:none\">Taschenkontrolle<\/p>\n\n\n\n<div style=\"height:var(--wp--preset--spacing--10)\" aria-hidden=\"true\" class=\"wp-block-spacer\"><\/div>\n\n\n\n<p class=\"has-text-align-center\">Wir wollen ja nicht, dass etwas passiert. Deshalb erlauben wir uns, Taschen von Besuchern auf Getr\u00e4nke oder verbotene Gegenst\u00e4nde zu untersuchen, die da allenfalls vorhanden sein k\u00f6nnten.<\/p>\n\n\n\n<p class=\"has-text-align-center\">Wir wollen ja nicht, dass etwas passiert. Deshalb erlauben wir uns, Taschen von Besuchern auf Getr\u00e4nke oder verbotene Gegenst\u00e4nde zu untersuchen, die da allenfalls vorhanden sein k\u00f6nnten.<\/p>\n<\/div>\n\n\n\n<div class=\"wp-block-group alignwide has-background is-layout-flow wp-container-core-group-is-layout-d81ce689 wp-block-group-is-layout-flow\" style=\"border-radius:16px;background-color:#f9f8f5;margin-top:var(--wp--preset--spacing--10);margin-bottom:var(--wp--preset--spacing--10);padding-top:var(--wp--preset--spacing--10);padding-right:var(--wp--preset--spacing--50);padding-bottom:var(--wp--preset--spacing--10);padding-left:var(--wp--preset--spacing--50)\">\n<p class=\"has-text-align-center has-text-color has-link-color has-fontdinerdotcom-huggable-font-family has-large-font-size wp-elements-b6ecd14b4ee30efb4bd2bb6bf9b946ce\" id=\"Garderobe\" style=\"color:#bf1613;text-decoration:underline;text-transform:none\">Garderobe<\/p>\n\n\n\n<div style=\"height:var(--wp--preset--spacing--10)\" aria-hidden=\"true\" class=\"wp-block-spacer\"><\/div>\n\n\n\n<p class=\"has-text-align-center\">Beim Check-In, der eigentlichen Kasse, steht eine Garderobe zur Verf\u00fcgung. <br>Die Kleider k\u00f6nnen gegen eine Geb\u00fchr von CHF 2.00 abgegeben werden.<\/p>\n<\/div>\n\n\n\n<div class=\"wp-block-group alignwide has-background is-layout-flow wp-container-core-group-is-layout-d81ce689 wp-block-group-is-layout-flow\" style=\"border-radius:16px;background-color:#f9f8f5;margin-top:var(--wp--preset--spacing--10);margin-bottom:var(--wp--preset--spacing--10);padding-top:var(--wp--preset--spacing--10);padding-right:var(--wp--preset--spacing--50);padding-bottom:var(--wp--preset--spacing--10);padding-left:var(--wp--preset--spacing--50)\">\n<p class=\"has-text-align-center has-text-color has-link-color has-fontdinerdotcom-huggable-font-family has-large-font-size wp-elements-fbf41df86291fcb1318920b02a4bdd14\" id=\"Ohrstoepsel\" style=\"color:#bf1613;text-decoration:underline;text-transform:none\">Ohrst\u00f6psel<\/p>\n\n\n\n<div style=\"height:var(--wp--preset--spacing--10)\" aria-hidden=\"true\" class=\"wp-block-spacer\"><\/div>\n\n\n\n<p class=\"has-text-align-center\">Laute Stellen in der Halle k\u00f6nnen nicht ausgeschlossen werden, deshalb: <br>Schaumstoff ins Ohr! Die Ohrst\u00f6psel k\u00f6nnen gratis an der Garderobe bezogen werden.<\/p>\n<\/div>\n\n\n\n<div class=\"wp-block-group alignwide custom-essen-container has-background has-global-padding is-layout-constrained wp-container-core-group-is-layout-52578200 wp-block-group-is-layout-constrained\" style=\"border-radius:16px;background-color:#f9f8f5;margin-top:var(--wp--preset--spacing--10);margin-bottom:var(--wp--preset--spacing--10);padding-top:var(--wp--preset--spacing--10);padding-right:var(--wp--preset--spacing--50);padding-bottom:var(--wp--preset--spacing--10);padding-left:var(--wp--preset--spacing--50)\">\n<p class=\"has-text-align-center has-text-color has-link-color has-fontdinerdotcom-huggable-font-family has-large-font-size wp-elements-9be2dc35f2d70845b29538257135e8a4\" id=\"Essen\" style=\"color:#bf1613;text-decoration:underline;text-transform:none\">Essen<\/p>\n\n\n\n<div style=\"height:1rem\" aria-hidden=\"true\" class=\"wp-block-spacer\"><\/div>\n\n\n\n<p class=\"has-text-align-center\">Essen gibt es an den folgenden Orten (siehe auch unter&nbsp;<a href=\"https:\/\/expedition-rothenburg.ch\/index.php\/bars\/\">Bars<\/a>):<\/p>\n\n\n\n<ul style=\"padding-right:0;padding-left:0\" class=\"wp-block-list custom-centered-ul\">\n<li>zum goldenen Ritter (mit verschiedenen ritterlichen K\u00f6stlichkeiten)<\/li>\n\n\n\n<li>Schweizer Kafistobe (zu empfehlen: \u00c4lplermagronen)<\/li>\n\n\n\n<li>Fasnachts-Tr\u00e4ff (hier gibt es leckere Bratw\u00fcrste)<\/li>\n<\/ul>\n\n\n\n<p class=\"has-text-align-center\">\u00dcbrigens, zur Kafistobe und zum Aussenbereich ist freier Eintritt, <\/p>\n\n\n\n<p class=\"has-text-align-center\">warum also nicht mit der ganzen Familie wieder einmal ausw\u00e4rts essen?<\/p>\n<\/div>\n\n\n\n<div class=\"wp-block-group alignwide has-background is-layout-flow wp-container-core-group-is-layout-d81ce689 wp-block-group-is-layout-flow\" style=\"border-radius:16px;background-color:#f9f8f5;margin-top:var(--wp--preset--spacing--10);margin-bottom:var(--wp--preset--spacing--10);padding-top:var(--wp--preset--spacing--10);padding-right:var(--wp--preset--spacing--50);padding-bottom:var(--wp--preset--spacing--10);padding-left:var(--wp--preset--spacing--50)\">\n<p class=\"has-text-align-center has-text-color has-link-color has-fontdinerdotcom-huggable-font-family has-large-font-size wp-elements-6e63f1cfe7b257d3bc9d3699aca8cc48\" id=\"Getraenke\" style=\"color:#bf1613;text-decoration:underline;text-transform:none\">Getr\u00e4nke<\/p>\n\n\n\n<div style=\"height:var(--wp--preset--spacing--10)\" aria-hidden=\"true\" class=\"wp-block-spacer\"><\/div>\n\n\n\n<p class=\"has-text-align-center\">In den Bar&#8217;s gibt es zum Teil den Themen zugeschnittene Spezialit\u00e4ten. Details findest du unter dem Menupunkt&nbsp;<a href=\"https:\/\/expedition-rothenburg.ch\/index.php\/bars\/\">Bars<\/a>. Weiter f\u00fchren wir eine spezielle Mineralaktion durch, siehe weiter unten auf dieser Seite unter &#8222;Mineralwasser&#8220;.<\/p>\n<\/div>\n\n\n\n<div class=\"wp-block-group alignwide has-background is-layout-flow wp-container-core-group-is-layout-d81ce689 wp-block-group-is-layout-flow\" style=\"border-radius:16px;background-color:#f9f8f5;margin-top:var(--wp--preset--spacing--10);margin-bottom:var(--wp--preset--spacing--10);padding-top:var(--wp--preset--spacing--10);padding-right:var(--wp--preset--spacing--50);padding-bottom:var(--wp--preset--spacing--10);padding-left:var(--wp--preset--spacing--50)\">\n<p class=\"has-text-align-center has-text-color has-link-color has-fontdinerdotcom-huggable-font-family has-large-font-size wp-elements-8d6357153f87017f743ff296e8ff6f10\" id=\"Mineralwasser\" style=\"color:#bf1613;text-decoration:underline;text-transform:none\">Mineralwasser<\/p>\n\n\n\n<div style=\"height:var(--wp--preset--spacing--10)\" aria-hidden=\"true\" class=\"wp-block-spacer\"><\/div>\n\n\n\n<p class=\"has-text-align-center\">Man kann ja nicht den ganzen Abend alkoholhaltige Getr\u00e4nke zu sich nehmen, zudem sind diese f\u00fcr Autofahrer sowieso tabu. Wir wollen dem Alkohol am Steuer vorbeugen und bieten deshalb den ganzen Abend Mineralwasser zu 3 dl f\u00fcr sage und schreibe nur CHF 1.00 an! Ausgenommen davon sind S\u00fcssgetr\u00e4nke.<\/p>\n<\/div>\n\n\n\n<div class=\"wp-block-group alignwide has-background is-layout-flow wp-container-core-group-is-layout-d81ce689 wp-block-group-is-layout-flow\" style=\"border-radius:16px;background-color:#f9f8f5;margin-top:var(--wp--preset--spacing--10);margin-bottom:var(--wp--preset--spacing--10);padding-top:var(--wp--preset--spacing--10);padding-right:var(--wp--preset--spacing--50);padding-bottom:var(--wp--preset--spacing--10);padding-left:var(--wp--preset--spacing--50)\">\n<p class=\"has-text-align-center has-text-color has-link-color has-fontdinerdotcom-huggable-font-family has-large-font-size wp-elements-d73bfb8ee089c4e4847084d9fe164a1a\" style=\"color:#bf1613;text-decoration:underline;text-transform:none\">Toiletten<\/p>\n\n\n\n<div style=\"height:var(--wp--preset--spacing--10)\" aria-hidden=\"true\" class=\"wp-block-spacer\"><\/div>\n\n\n\n<p class=\"has-text-align-center\">Solche stehen im Untergeschoss der Ch\u00e4rnshalle zur Verf\u00fcgung. <br>Zus\u00e4tzlich steht im Aussenbereich eine WC-Anlage.<\/p>\n<\/div>\n\n\n\n<div class=\"wp-block-group alignwide has-background is-layout-flow wp-container-core-group-is-layout-d81ce689 wp-block-group-is-layout-flow\" style=\"border-radius:16px;background-color:#f9f8f5;margin-top:var(--wp--preset--spacing--10);margin-bottom:var(--wp--preset--spacing--10);padding-top:var(--wp--preset--spacing--10);padding-right:var(--wp--preset--spacing--50);padding-bottom:var(--wp--preset--spacing--10);padding-left:var(--wp--preset--spacing--50)\">\n<p class=\"has-text-align-center has-text-color has-link-color has-fontdinerdotcom-huggable-font-family has-large-font-size wp-elements-aa08913b5aa8fa7fbdfcadb3941923b2\" style=\"color:#bf1613;text-decoration:underline;text-transform:none\">Sanit\u00e4t<\/p>\n\n\n\n<div style=\"height:var(--wp--preset--spacing--10)\" aria-hidden=\"true\" class=\"wp-block-spacer\"><\/div>\n\n\n\n<p class=\"has-text-align-center\">Solltest du die Hilfe der Sanit\u00e4t beanspruchen, so wende dich am besten an das Personal einer Bar.<\/p>\n<\/div>\n\n\n\n<div class=\"wp-block-group alignwide has-background is-layout-flow wp-container-core-group-is-layout-d81ce689 wp-block-group-is-layout-flow\" style=\"border-radius:16px;background-color:#f9f8f5;margin-top:var(--wp--preset--spacing--10);margin-bottom:var(--wp--preset--spacing--10);padding-top:var(--wp--preset--spacing--10);padding-right:var(--wp--preset--spacing--50);padding-bottom:var(--wp--preset--spacing--10);padding-left:var(--wp--preset--spacing--50)\">\n<p class=\"has-text-align-center has-text-color has-link-color has-fontdinerdotcom-huggable-font-family has-large-font-size wp-elements-0d93458c2760896c7b3ec88716923ca1\" style=\"color:#bf1613;text-decoration:underline;text-transform:none\">Nachtstern<\/p>\n\n\n\n<div style=\"height:var(--wp--preset--spacing--10)\" aria-hidden=\"true\" class=\"wp-block-spacer\"><\/div>\n\n\n\n<p class=\"has-text-align-center\">Der Nachtstern bringt dich&nbsp;sicher nach Hause.&nbsp;<br>Jeweils ab Bushaltestelle <mark style=\"background-color:rgba(0, 0, 0, 0)\" class=\"has-inline-color has-contrast-color\"><a href=\"https:\/\/www.google.ch\/maps\/place\/Rothenburg,+Lindau\/@47.0993617,8.2694928,18z\/data=!4m15!1m8!3m7!1s0x478fe332a45eb2b1:0xb70701b7cb11bd98!2sLindau,+6023+Rothenburg!3b1!8m2!3d47.1011419!4d8.2676474!16s%2Fg%2F1tdqymz2!3m5!1s0x478fe332cb97d413:0xcbcbb42719774922!8m2!3d47.100336!4d8.267856!16s%2Fg%2F1tfzwdht?hl=de&amp;entry=ttu\" target=\"_blank\" rel=\"noreferrer noopener\">Lindau<\/a> <\/mark>oder <a href=\"https:\/\/www.google.ch\/maps\/place\/Rothenburg,+Eschenbachstrasse\/@47.0998178,8.2694883,17.5z\/data=!4m6!3m5!1s0x478ffcccf4393085:0xb52de2b2cc55bd18!8m2!3d47.0980229!4d8.2702768!16s%2Fg%2F1tj_44m1?hl=de&amp;entry=ttu\" target=\"_blank\" rel=\"noreferrer noopener\"><mark style=\"background-color:rgba(0, 0, 0, 0)\" class=\"has-inline-color has-contrast-color\">Eschenbachstrasse<\/mark><\/a>. (Angaben ohne Gew\u00e4hr)<\/p>\n\n\n\n<p class=\"has-text-align-center\">Richtung Luzern: 01:33h \/ 02:33h \/ 03:33h<\/p>\n\n\n\n<p class=\"has-text-align-center\">Richtung Berom\u00fcnster: 01:43h \/ 02:43h \/ 03:43h<\/p>\n<\/div>\n\n\n\n<div style=\"height:90px\" aria-hidden=\"true\" class=\"wp-block-spacer\"><\/div>\n","protected":false},"excerpt":{"rendered":"<p>Vorverkauf Der Vorverkauf startet im November. Anfahrt Das Fest ist gut mit dem \u00d6V erreichbar. Die Haltestellen Eschenbachstrasse und Lindau, welche von den Buslinien 46, 50 und 52 angefahren werden, sind nur 3-4 Gehminuten von der Ch\u00e4rnshalle entfernt. Der Fahrplan ist auf dieser Webseite abrufbar. Die Ch\u00e4rnshalle ist auch gut mit dem Auto zu erreichen, [&hellip;]<\/p>\n","protected":false},"author":2,"featured_media":0,"parent":0,"menu_order":2,"comment_status":"closed","ping_status":"closed","template":"","meta":{"footnotes":""},"class_list":["post-55","page","type-page","status-publish","hentry"],"_links":{"self":[{"href":"https:\/\/expedition-rothenburg.ch\/index.php\/wp-json\/wp\/v2\/pages\/55","targetHints":{"allow":["GET"]}}],"collection":[{"href":"https:\/\/expedition-rothenburg.ch\/index.php\/wp-json\/wp\/v2\/pages"}],"about":[{"href":"https:\/\/expedition-rothenburg.ch\/index.php\/wp-json\/wp\/v2\/types\/page"}],"author":[{"embeddable":true,"href":"https:\/\/expedition-rothenburg.ch\/index.php\/wp-json\/wp\/v2\/users\/2"}],"replies":[{"embeddable":true,"href":"https:\/\/expedition-rothenburg.ch\/index.php\/wp-json\/wp\/v2\/comments?post=55"}],"version-history":[{"count":81,"href":"https:\/\/expedition-rothenburg.ch\/index.php\/wp-json\/wp\/v2\/pages\/55\/revisions"}],"predecessor-version":[{"id":1046,"href":"https:\/\/expedition-rothenburg.ch\/index.php\/wp-json\/wp\/v2\/pages\/55\/revisions\/1046"}],"wp:attachment":[{"href":"https:\/\/expedition-rothenburg.ch\/index.php\/wp-json\/wp\/v2\/media?parent=55"}],"curies":[{"name":"wp","href":"https:\/\/api.w.org\/{rel}","templated":true}]}}